mainder when 278 is divided by j.
12
Suppose 2*n = -0*n + 144. Let p = n - 34. What is the remainder when 150 is divided by p?
36
Let r(q) = -q**3 + 18*q**2 + 4*q + 33. What is the remainder when r(18) is divided by 37?
31
Suppose -1063*k = -1070*k + 91. Let n(h) = h**2 + 8*h + 14. What is the remainder when n(-12) is divided by k?
10
Let m be (-3)/3*2/(-2). Suppose 3*a - 5*o - 1 = 45, 5*a - 15 = -4*o. What is the remainder when (-3)/(m - 14/12) is divided by a?
4
Let v = 530 + -432. What is the remainder when 1565 is divided by v?
95
Let w = -325 - -575. Suppose 2*s = -3*o - 0*s + 170, 5*s = 5*o - w. What is the remainder when o is divided by 14?
12
Let l(w) = 5*w - 4. What is the remainder when 146 is divided by l(5)?
20
Suppose -5*o = g - 39, 2*g + 5*o - 130 + 52 = 0. Calculate the remainder when 153 is divided by g.
36
Let n = -60 - -97. Calculate the remainder when n is divided by 12.
1
Let d = 7 + 9. Suppose -4*z + 3*z = 5. Calculate the remainder when ((-122)/(-4))/(2*z/(-20)) is divided by d.
13
What is the remainder when (-288)/(-2) - (-10 - 78/(-13)) is divided by 47?
7
Let o = 71 - 39. Let h(u) = -6*u**2 + 27*u - 5. Calculate the remainder when o is divided by h(4).
4
Suppose -8 = 6*v - 14*v. Calculate the remainder when (-7)/2*-6 - (4 - v) is divided by 12.
6
Let j be 227/2 - (-2)/4. What is the remainder when j/14 - (4/(-28))/(-1) is divided by 6?
2
Suppose 5*a = 4*o + 387, -5*a - 78 = o - 0*a. Let b = -16 - o. Let h = -1607 + 1627. What is the remainder when b is divided by h?
17
Suppose -13*b + 480 = -b. What is the remainder when 195 is divided by b?
35
Let b(c) = 102*c + 778. What is the remainder when b(-7) is divided by 48?
16
Let x(n) = -7*n - 1. Let m(f) = f**2 + 3*f - 43. Calculate the remainder when x(-6) is divided by m(6).
8
Suppose 0 = -4*p + b + 84, 56 = 2*p + p + b. What is the remainder when 68 is divided by p?
8
What is the remainder when 70 is divided by (-3)/(-2)*360/135?
2
Let m = -1 + 9. Suppose m = q - 9. Calculate the remainder when q is divided by 10.
7
Suppose 40 = 5*l - l. Suppose 20 = 2*c - l. What is the remainder when 40 is divided by c?
10
Suppose 896*m = 898*m - 22. Calculate the remainder when 215 is divided by m.
6
Let d(c) = -3*c - 15. Let y be d(-7). Suppose 5*h + 8 = y*h. What is the remainder when 22 is divided by h?
6
Let v = 5 + 1. Let k be v/24 - (-3)/4. Suppose -z = -11 - k. Calculate the remainder when 34 is divided by z.
10
Suppose 2*t - 66 = -4*v + 10, 2*t - 42 = -2*v. Calculate the remainder when (-33 + 1)/((-6)/9) is divided by v.
14
Calculate the remainder when (1696/(-80))/(2/(-5)) is divided by 50.
3
Let a = -204 - -264. What is the remainder when 107 is divided by a?
47
Let m(y) = -3*y**3 - y. Let l(r) be the second derivative of -r**3/2 + 16*r**2 + 8*r. Calculate the remainder when m(-2) is divided by l(6).
12
Let s(w) = -164*w - 395. Calculate the remainder when s(-3) is divided by 26.
19
Let x = -27 - -77. What is the remainder when 72 is divided by (x/(-20))/((-1)/6)?
12
Suppose s - 4*o - 15 = -3, s + 6 = -5*o. Suppose s*a = 17*a - 273. What is the remainder when a is divided by 8?
5
Let b(s) be the second derivative of -3/4*s**4 + 7*s + 2*s**2 + 0 + 3/2*s**3 + 1/20*s**5. What is the remainder when 35 is divided by b(8)?
11
Suppose 95 = 5*l - 4*f - 190, 0 = -3*l + 3*f + 168. What is the remainder when l is divided by 16?
13
Let j be -4*(-12)/16 + 0/(-2). Suppose -3*r - 3*p = -46 - 8, -j*p = r - 16. Calculate the remainder when r is divided by 8.
3
Suppose 5*s - 28 = -13. Suppose 73 - 17 = s*g + 4*d, 4*d - 20 = 0. What is the remainder when 94 is divided by g?
10
What is the remainder when -5*(4 + -3) - (-280 + -1) is divided by 70?
66
Let i(y) = -3*y**2 + y**2 + y**3 + 10*y**2 + 8 + 6*y. Let k be (-1)/3 + 120/(-18). Calculate the remainder when 42 is divided by i(k).
12
Let g(c) = -c**3 - c**2 + 21. Suppose f + w - 2 = 0, -5*w + 4 = -f - 6. Let n be g(f). Let z = 12 + n. Calculate the remainder when 129 is divided by z.
30
Let o = -38 - -58. Suppose -2*b + 0*b = -o. Calculate the remainder when 48 is divided by b.
8
Let h = 180 - 126. Let y be (2 - 4)*(-8)/2. What is the remainder when h/y - (-2)/8 is divided by 3?
1
Suppose -3 - 12 = 5*n. Let m be (6/(-12))/(n/18). Let y = 35 - m. Calculate the remainder when y is divided by 11.
10
Suppose -3*g - 135 + 456 = 0. Let u(n) = -2*n + 19. Calculate the remainder when g is divided by u(-4).
26
Let n = -75 - -127. What is the remainder when n is divided by 27?
25
Suppose 0 = -21*y + 13*y + 664. Calculate the remainder when y is divided by 23.
14
Suppose 0 = -188*w + 191*w - 39. Calculate the remainder when 34 is divided by w.
8
Let i(d) = -d**2 + 10*d - 7. Let s be i(8). Suppose s*k + 69 = 10*k. Calculate the remainder when k is divided by 14.
13
Suppose -3*j = k - 524, 0 = -j - 138*k + 141*k + 158. Calculate the remainder when j is divided by 14.
5
Let p(r) = r**2 + r + 181. Let x be p(0). Let u = x - 60. What is the remainder when u is divided by 31?
28
Suppose 15 = 4*k + 39. Let a(w) = -w**2 - 7 + 3 - 10*w - 6. What is the remainder when 51 is divided by a(k)?
9
Suppose -43 = q - 62. Let x = q + -4. What is the remainder when 26 is divided by x?
11
Suppose -80*v - 2989 = -87*v. Calculate the remainder when v is divided by 33.
31
Let d be -8*13 - (-2 + 3). Let c = d - -148. Suppose 5*p = -13 + c. Calculate the remainder when p is divided by 4.
2
Let s = 18 + -18. Suppose -8 = -3*w + 2*d, -4*w - w + d + 18 = s. What is the remainder when 21 is divided by w?
1
Suppose 0 = -6*t - 84 + 168. What is the remainder when 49 is divided by t?
7
Let x = 157 - 103. Suppose -1 = -f, -277 = -4*n + 4*f + 147. What is the remainder when n is divided by x?
53
Let c be (-15)/(-5) - (2 + -225). Let r = -156 + c. Calculate the remainder when r is divided by 12.
10
Suppose -24*x = -18*x + 9510. Calculate the remainder when ((-8)/(-6) - x/15) + -3 is divided by 54.
50
Suppose 2*d - r - 180 - 241 = 0, 5*d + 3*r = 1069. Suppose -s + d = s. Let l = -203 - -230. Calculate the remainder when s is divided by l.
25
Let c(l) = -7*l + 43. Calculate the remainder when c(-49) is divided by 44.
34
Let p(f) = f**2 - 4*f + 5. Let x be p(3). Suppose 366 = a + x*a. What is the remainder when 44 is divided by a/8 - 5/20?
14
Let t(d) = d**2 + 9*d - 22. What is the remainder when t(3) is divided by 9?
5
Let x(a) = a**3 - 6*a**2 + 3*a + 3. Let v be x(5). Let p(s) = 5*s**3 + s**2 - 2*s. What is the remainder when p(2) is divided by (v - -8)/(1/14)?
12
Suppose 2*v + v = 69. Let d = 34 - v. What is the remainder when (-13 - 152/(-12))*-90 is divided by d?
8
Suppose 0 = 3*k - 58 - 29. Suppose 19 + 20 = 2*u + 3*y, y = 2*u - 35. Calculate the remainder when k is divided by u.
11
Let w be -1*0/(-2) + 125. Suppose 5*t - w = 30. What is the remainder when t is divided by 11?
9
What is the remainder when 496 + (15 - 3)/6 is divided by 10?
8
Let z be (-350)/(-6) - 8/24. Suppose z - 178 = -5*c. What is the remainder when 45 is divided by c?
21
Suppose y - 5 = -r + 4, y - 5*r + 15 = 0. Let q be ((-36)/(-45))/((-4)/(-30)). Let u = 9 - q. What is the remainder when y is divided by u?
2
Let d(j) = j**3 + 8*j**2 - 6*j + 42. What is the remainder when 116 is divided by d(-9)?
11
Suppose 3*j = -19 + 136. Suppose 212 = j*y - 35*y. Calculate the remainder when y is divided by 14.
11
What is the remainder when 1254 - (7 + 11 - 9) is divided by 96?
93
Let d = 17 - 10. Suppose -3*s + b - 4*b + 9 = 0, 9 = 3*s - 2*b. Suppose 0 = k - s. What is the remainder when d is divided by k?
1
Suppose -5*b = -4*y + 80, y - 1 = b + 16. Suppose 0*z - 36 = -3*z. Calculate the remainder when 185/4 - (-3)/b is divided by z.
10
Suppose -84*v + 417 - 81 = 0. Let d(z) = z + 3. Let q be d(-3). Let j = q - -2. What is the remainder when v is divided by j?
0
Suppose n - l - 1 = 3, 4*n - l = 22. Let a be n/(-6*3/(-156)). Suppose 137 = 4*v - 3*p, -3*p - a = -2*v - 7*p. What is the remainder when v is divided by 11?
10
Let a be (7/(-3) - -1)*-12. Let m = a - 0. Let j(d) = -d**2 + 14*d + 14. What is the remainder when j(11) is divided by m?
15
Let x be -35*3*(-2)/(-5). Let i = -6 - x. Let o = 40 + -27. What is the remainder when i is divided by o?
10
Let z(v) = v - 2. Let g be z(4). Let f be g - (-49 + 2/(-2)). Suppose 